
List the prime factors of 444771783.
3, 37, 139, 3203
List the prime factors of 86389196.
2, 23, 47, 19979
What are the prime factors of 220625568?
2, 3, 19, 23, 1753
List the prime factors of 1290827479.
277, 1319, 3533
List the prime factors of 13226727.
3, 4408909
List the prime factors of 1256925935.
5, 47, 5348621
What are the prime factors of 1391424919?
1391424919
List the prime factors of 370527866.
2, 185263933
What are the prime factors of 3978390567?
3, 1326130189
What are the prime factors of 2814205?
5, 562841
What are the prime factors of 149996492?
2, 461, 81343
List the prime factors of 125159527.
125159527
List the prime factors of 135089026.
2, 1447, 46679
What are the prime factors of 222522371?
31, 7178141
What are the prime factors of 1542703162?
2, 7, 11, 13, 110083
List the prime factors of 419363210.
2, 5, 7, 5990903
List the prime factors of 98625478.
2, 7, 137, 51421
List the prime factors of 152408553.
3, 11, 17, 107, 2539
What are the prime factors of 44448716?
2, 13, 197, 4339
List the prime factors of 92732861.
13, 7133297
What are the prime factors of 678315874?
2, 9091, 37307
List the prime factors of 341162541.
3, 3557, 10657
List the prime factors of 2382434581.
2382434581
List the prime factors of 279752786.
2, 379, 369067
What are the prime factors of 1126865083?
173, 6513671
List the prime factors of 365162731.
37, 9869263
List the prime factors of 549840188.
2, 71, 1936057
List the prime factors of 5980641527.
7, 13879, 61559
List the prime factors of 2137248245.
5, 11, 17, 1319, 1733
What are the prime factors of 583542863?
59, 1093, 9049
What are the prime factors of 1817529455?
5, 7, 19, 2733127
What are the prime factors of 2583147420?
2, 3, 5, 7, 829, 2473
What are the prime factors of 4565359997?
11, 59, 1153, 6101
What are the prime factors of 403964674?
2, 761, 265417
List the prime factors of 6065540638.
2, 89, 2803, 12157
What are the prime factors of 68594479?
47, 1459457
List the prime factors of 3216995.
5, 17, 37847
List the prime factors of 420819764.
2, 47, 67, 33409
What are the prime factors of 47431688?
2, 5928961
What are the prime factors of 401304933?
3, 179, 249103
List the prime factors of 46210536.
2, 3, 641813
What are the prime factors of 55783013?
11, 13, 37, 811
What are the prime factors of 3337447406?
2, 103, 16201201
List the prime factors of 213408714.
2, 3, 35568119
List the prime factors of 2689977225.
3, 5, 13, 212227
What are the prime factors of 7866773924?
2, 1811, 1085971
List the prime factors of 9382764.
2, 3, 781897
List the prime factors of 1297454135.
5, 113, 1319, 1741
List the prime factors of 61080578.
2, 13, 2349253
What are the prime factors of 304968946?
2, 152484473
What are the prime factors of 1368367796?
2, 23, 101, 147263
What are the prime factors of 786049102?
2, 601, 653951
List the prime factors of 61903698.
2, 3, 17, 606899
List the prime factors of 538766684.
2, 10499, 12829
What are the prime factors of 39255604?
2, 73, 134437
What are the prime factors of 28530478?
2, 31, 37, 12437
List the prime factors of 3837049467.
3, 97, 2069, 6373
List the prime factors of 111669948.
2, 3, 13, 79537
List the prime factors of 4329494945.
5, 19, 3457, 13183
List the prime factors of 869413490.
2, 5, 11, 17, 464927
What are the prime factors of 373740641?
223, 1675967
What are the prime factors of 690370770?
2, 3, 5, 467, 49277
What are the prime factors of 3162091?
43, 151, 487
List the prime factors of 765855468.
2, 3, 7, 3039109
List the prime factors of 3368115270.
2, 3, 5, 13, 499, 641
List the prime factors of 999924258.
2, 3, 17, 9803179
List the prime factors of 223759303.
223759303
List the prime factors of 737483440.
2, 5, 9218543
List the prime factors of 110983977.
3, 13, 948581
What are the prime factors of 47587840?
2, 5, 29, 641
List the prime factors of 24751243.
11, 19, 23, 271
List the prime factors of 94794811.
2663, 35597
What are the prime factors of 1968123176?
2, 103, 2388499
List the prime factors of 567779733.
3, 2053, 10243
What are the prime factors of 26987299?
1777, 15187
List the prime factors of 52642735.
5, 1907, 5521
What are the prime factors of 355755814?
2, 31, 37, 155081
What are the prime factors of 2005291084?
2, 19, 919, 28711
What are the prime factors of 68051899?
68051899
What are the prime factors of 191356589?
2621, 73009
List the prime factors of 57426665.
5, 2647, 4339
List the prime factors of 2363050547.
11, 13, 31, 37, 14407
List the prime factors of 273221829.
3, 3373109
What are the prime factors of 41059606?
2, 7, 2932829
What are the prime factors of 43958527?
31, 919, 1543
List the prime factors of 163719148.
2, 4339, 9433
List the prime factors of 424818439.
424818439
What are the prime factors of 803086510?
2, 5, 193, 416107
What are the prime factors of 159850415?
5, 31, 607, 1699
List the prime factors of 2335571952.
2, 3, 7, 179, 38833
What are the prime factors of 1420945?
5, 17, 73, 229
What are the prime factors of 32609166?
2, 3, 29, 187409
What are the prime factors of 802818788?
2, 8999, 22303
What are the prime factors of 7707539456?
2, 157, 23971
What are the prime factors of 446011715?
5, 89202343
List the prime factors of 4770554.
2, 839, 2843
What are the prime factors of 170670660?
2, 3, 5, 167, 17033
What are the prime factors of 6929037664?
2, 31, 6984917
What are the prime factors of 339314694?
2, 3, 56552449
What are the prime factors of 1667844034?
2, 23, 1447, 25057
What are the prime factors of 16608751?
457, 36343
List the prime factors of 817434365.
5, 11, 14862443
List the prime factors of 799994783.
7, 29, 229, 17209
List the prime factors of 744505283.
744505283
What are the prime factors of 238365912?
2, 3, 9931913
What are the prime factors of 228186368?
2, 151, 5903
List the prime factors of 2539670795.
5, 29, 179, 97849
What are the prime factors of 995094704?
2, 62193419
List the prime factors of 187668266.
2, 103, 911011
List the prime factors of 1448079585.
3, 5, 19, 5080981
List the prime factors of 29297840.
2, 5, 11, 13, 197
What are the prime factors of 2187923?
673, 3251
What are the prime factors of 104987851?
2357, 44543
What are the prime factors of 200880941?
29, 67, 103387
List the prime factors of 337206326.
2, 168603163
List the prime factors of 95018887.
95018887
What are the prime factors of 68776156?
2, 17194039
List the prime factors of 444694061.
7, 1657, 5477
What are the prime factors of 468986628?
2, 3, 11, 3552929
What are the prime factors of 426556241?
941, 453301
What are the prime factors of 4661361633?
3, 1553787211
What are the prime factors of 411239040?
2, 3, 5, 19, 11273
What are the prime factors of 45573139?
1571, 29009
What are the prime factors of 288299411?
23, 29, 31, 73, 191
What are the prime factors of 749460322?
2, 13, 28825397
What are the prime factors of 15023337?
3, 7, 715397
What are the prime factors of 7233854?
2, 829, 4363
What are the prime factors of 77060625?
3, 5, 73, 563
What are the prime factors of 13550124?
2, 3, 7, 97, 1663
List the prime factors of 101289805.
5, 617, 32833
What are the prime factors of 112108028?
2, 31, 904097
What are the prime factors of 3400297698?
2, 3, 7, 2837, 28537
What are the prime factors of 45236420?
2, 5, 367, 6163
List the prime factors of 363782905.
5, 5443, 13367
List the prime factors of 4273406364.
2, 3, 356117197
List the prime factors of 341730.
2, 3, 5, 3797
What are the prime factors of 719041567?
19, 709, 53377
What are the prime factors of 2202831927?
3, 244759103
List the prime factors of 162114394.
2, 13, 983, 6343
List the prime factors of 50605139.
13, 911, 4273
What are the prime factors of 21027195?
3, 5, 7, 7417
What are the prime factors of 336851283?
3, 811, 138451
What are the prime factors of 4046331052?
2, 1011582763
What are the prime factors of 34110451?
34110451
What are the prime factors of 44331397?
11, 4030127
List the prime factors of 590426497.
590426497
List the prime factors of 186732868.
2, 7, 401, 16631
What are the prime factors of 1896281137?
113, 311, 53959
What are the prime factors of 6222006?
2, 3, 7, 19, 23, 113
List the prime factors of 897898291.
31, 109, 265729
List the prime factors of 41646554.
2, 3079, 6763
What are the prime fac